{"id":3,"date":"2021-05-05T23:50:34","date_gmt":"2021-05-05T23:50:34","guid":{"rendered":"https:\/\/maestrobursatil.com\/corporativo\/?page_id=3"},"modified":"2021-05-21T11:06:08","modified_gmt":"2021-05-21T16:06:08","slug":"privacy-policy","status":"publish","type":"page","link":"https:\/\/maestrobursatil.com\/corporativo\/privacy-policy\/","title":{"rendered":"Pol\u00edticas de Privacidad"},"content":{"rendered":"\n<h1 class=\"wp-block-heading\">TRATAMIENTO DE LA INFORMACI\u00d3N PERSONAL<\/h1>\n\n\n\n<p>El Responsable de la informaci\u00f3n personal contenida en las bases de datos de&nbsp;<strong>Maestro Burs\u00e1til<\/strong>&nbsp;es Consultor\u00edas en Riesgo Corporativo Ltda (NIT: 900.054.586-0), con domicilio en la ciudad de Bogot\u00e1. Consultor\u00edas en Riesgo Corporativo Ltda se encuentra ubicada en la Carrera 11 A # 96-51 Oficina 203 (correo electr\u00f3nico: soporte@maestrobursatil.com y tel\u00e9fono: 6108161). Como responsable de los datos personales, Consultor\u00edas en Riesgo Corporativo Ltda es quien decide sobre las bases de datos y\/o el Tratamiento de los datos personales de los Titulares de la informaci\u00f3n personal. Los Datos Personales ser\u00e1n tratados por Consultor\u00edas en Riesgo Corporativo Ltda, de acuerdo con la Constituci\u00f3n y la normatividad vigente, para fines de capacitaci\u00f3n, publicidad, invitaciones, ofertas, lograr una eficiente comunicaci\u00f3n con los clientes, para presentar nuestros proyectos, publicaciones, servicios, ofertas, alianzas, concursos, capacitaciones, informar sobre cambios en nuestros proyectos, programas o servicios, facilitar el acceso general la informaci\u00f3n de \u00e9stos, dar cumplimiento a las obligaciones contra\u00eddas con nuestros clientes, proveedores y empleados, evaluar la calidad de nuestro servicio y a cualquier otro fin seg\u00fan la autorizaci\u00f3n dada para el Tratamiento por el Titular de la informaci\u00f3n as\u00ed como para la transferencia y transmisi\u00f3n de los datos a las entidades con las que Consultor\u00edas en Riesgo Corporativo Ltda tenga un convenio relacionado con&nbsp;<strong>Maestro Burs\u00e1til<\/strong>&nbsp;y a cualquier otra seg\u00fan la autorizaci\u00f3n dada para el Tratamiento por el Titular de la informaci\u00f3n. El Tratamiento consistir\u00e1 en recolectar, recaudar, almacenar, usar, circular, suprimir, procesar, compilar, intercambiar, dar tratamiento, actualizar y disponer de los datos que han sido suministrados a trav\u00e9s de la plataforma&nbsp;<strong>Maestro Burs\u00e1til<\/strong>&nbsp;o directamente a Consultor\u00edas en Riesgo Corporativo y que se han incorporado en las bases de datos de&nbsp;<strong>Maestro Burs\u00e1til<\/strong>, as\u00ed como cualquier otro uso seg\u00fan la normatividad vigente y la autorizaci\u00f3n dada para el Tratamiento por el Titular de la informaci\u00f3n. Los derechos que le asisten a los Titulares de la informaci\u00f3n personal son los establecidos en el art\u00edculo 8 de la ley 1582 de 2012, a saber:<\/p>\n\n\n\n<ul class=\"wp-block-list\"><li>a) Conocer, actualizar y rectificar sus datos personales frente a los Responsables del Tratamiento o Encargados del Tratamiento. Este derecho se podr\u00e1 ejercer, entre otros frente a datos parciales, inexactos, incompletos, fraccionados, que induzcan a error, o aquellos cuyo Tratamiento est\u00e9 expresamente prohibido o no haya sido autorizado;<\/li><li>b) Solicitar prueba de la autorizaci\u00f3n otorgada al Responsable del Tratamiento salvo cuando expresamente se except\u00fae como requisito para el Tratamiento, de conformidad con lo previsto en el art\u00edculo 10 de la presente ley;<\/li><li>c) Ser informado por el Responsable del Tratamiento o el Encargado del Tratamiento, previa solicitud, respecto del uso que le ha dado a sus datos personales;<\/li><li>d) Presentar ante la Superintendencia de Industria y Comercio quejas por infracciones a lo dispuesto en la ley de protecci\u00f3n de datos y las dem\u00e1s normas que la modifiquen, adicionen o complementen;<\/li><li>e) Revocar la autorizaci\u00f3n y\/o solicitar la supresi\u00f3n del dato cuando en el Tratamiento no se respeten los principios, derechos y garant\u00edas constitucionales y legales. La revocatoria y\/o supresi\u00f3n proceder\u00e1 cuando la Superintendencia de Industria y Comercio haya determinado que en el Tratamiento el Responsable o Encargado han incurrido en conductas contrarias a esta ley y a la Constituci\u00f3n;<\/li><li>f) Acceder en forma gratuita a sus datos personales que hayan sido objeto de Tratamiento.<\/li><\/ul>\n\n\n\n<p>Las pol\u00edticas de Consultor\u00edas en Riesgo Corporativo Ltda frente al Tratamiento de los datos personales son las siguientes:<\/p>\n\n\n\n<ol class=\"wp-block-list\"><li>Consultor\u00edas en Riesgo Corporativo Ltda busca la protecci\u00f3n de los derechos de los Titulares de los Datos Personales;<\/li><li>Consultor\u00edas en Riesgo Corporativo Ltda garantiza la &nbsp;confidencialidad, integridad y seguridad de los Datos Personales;<\/li><li>Consultor\u00edas en Riesgo Corporativo Ltda usa los datos personales para los fines autorizados por los Titulares de los Datos Personales, de acuerdo con lo aqu\u00ed establecido;<\/li><li>Consultor\u00edas en Riesgo Corporativo Ltda garantiza al Titular, en todo tiempo, el pleno y efectivo ejercicio de su derecho de h\u00e1beas data;<\/li><li>Consultor\u00edas en Riesgo Corporativo Ltda informar\u00e1 al Titular sobre el uso de los Datos Personales y la finalidad de la recolecci\u00f3n de sus datos y de los derechos que le asisten por virtud de la autorizaci\u00f3n que haya otorgado a la Consultor\u00edas en Riesgo Corporativo Ltda;<\/li><li>Consultor\u00edas en Riesgo Corporativo Ltda conservar\u00e1 la autorizaci\u00f3n dada por el Titular de los Datos y su informaci\u00f3n bajo la condiciones de seguridad necesarias para impedir su adulteraci\u00f3n, p\u00e9rdida, consulta, uso o acceso no autorizado o fraudulento;<\/li><li>Consultor\u00edas en Riesgo Corporativo Ltda garantizar\u00e1 que la informaci\u00f3n que transfiera o transmita a cualquier tercero autorizado (Encargado), dentro de los par\u00e1metros establecidos en la ley, sea veraz, completa, exacta, actualizada, comprobable, y comprensible;<\/li><li>Consultor\u00edas en Riesgo Corporativo Ltda actualizar\u00e1 la informaci\u00f3n a quien transfiera o transmita la informaci\u00f3n;<\/li><li>Consultor\u00edas en Riesgo Corporativo Ltda rectificar\u00e1 la informaci\u00f3n cuando sea incorrecta y comunicar\u00e1 lo pertinente a cualquier tercero autorizado (Encargado);<\/li><li>Consultor\u00edas en Riesgo Corporativo Ltda tramitar\u00e1 las consultas y reclamos formulados por los Titulares de los Datos Personales en los t\u00e9rminos se\u00f1alados en su Manual Interno de Pol\u00edticas y Procedimientos en concordancia con lo establecido en la Ley;<\/li><li>Consultor\u00edas en Riesgo Corporativo Ltda realizar\u00e1 oportunamente la actualizaci\u00f3n, rectificaci\u00f3n o supresi\u00f3n de los datos en los t\u00e9rminos de la ley;<\/li><li>Consultor\u00edas en Riesgo Corporativo Ltda suministrar\u00e1 al Encargado del Tratamiento, seg\u00fan el caso, \u00fanicamente datos cuyo Tratamiento est\u00e9 previamente autorizado de conformidad con lo previsto en la ley;<\/li><li>Consultor\u00edas en Riesgo Corporativo Ltda exigir\u00e1 al Encargado del Tratamiento en todo momento, el respeto a las condiciones de seguridad y privacidad de la informaci\u00f3n del Titular;<\/li><li>Consultor\u00edas en Riesgo Corporativo Ltda informar\u00e1 al Encargado del Tratamiento cuando determinada informaci\u00f3n se encuentre en discusi\u00f3n por parte del Titular, una vez se haya presentado la reclamaci\u00f3n y no haya finalizado el tr\u00e1mite respectivo;<\/li><li>Consultor\u00edas en Riesgo Corporativo Ltda informar\u00e1 a la autoridad de protecci\u00f3n de datos cuando se presenten violaciones a los c\u00f3digos de seguridad y existan riesgos en la administraci\u00f3n de la informaci\u00f3n de los Titulares; y,<\/li><li>Consultor\u00edas en Riesgo Corporativo Ltda cumplir\u00e1 las instrucciones y requerimientos que imparta la Superintendencia de Industria y Comercio.<\/li><\/ol>\n\n\n\n<p>Los canales a trav\u00e9s de los cuales los Titulares de la informaci\u00f3n podr\u00e1n ejercer sus derechos a conocer, actualizar, rectificar, y suprimir el dato y revocar la autorizaci\u00f3n dada a Consultor\u00edas en Riesgo Corporativo Ltda para tratar los datos personales son: a trav\u00e9s del correo electr\u00f3nico soporte@maestrobursatil.com, en las oficinas de la sociedad ubicadas en la carrera 11 A No.96-51 en Bogot\u00e1 D.C. o en el tel\u00e9fono 6108161 en la ciudad de Bogot\u00e1 D.C.. La persona responsable de atender su petici\u00f3n, queja o reclamo ser\u00e1 la persona l\u00edder del proyecto correspondiente en Consultor\u00edas en Riesgo Corporativo Ltda. El procedimiento para conocer, actualizar, rectificar y suprimir el dato y revocar la autorizaci\u00f3n que haya dado es el siguiente: usted podr\u00e1 solicitar a trav\u00e9s de los canales de contacto ya citados la actualizaci\u00f3n, supresi\u00f3n, rectificaci\u00f3n de la informaci\u00f3n y\/o efectuar consultas o reclamos relacionados con su informaci\u00f3n personal. Consultor\u00edas en Riesgo Corporativo Ltda validar\u00e1 su identificaci\u00f3n y la calidad en la que act\u00faa y analizar\u00e1, clasificar\u00e1, y emitir\u00e1 respuesta a su solicitud en los tiempos establecidos en las normas vigentes y de acuerdo con las reglas establecidas en las normas vigentes (ver art\u00edculos 14 y 15 de la ley 1581 de 2012). La respuesta a su consulta o reclamo ser\u00e1 informada al Titular de la informaci\u00f3n por el mismo medio por el cual se recibe la solicitud o por el medio que el titular de la informaci\u00f3n especifique en su solicitud. La fecha de entrada en vigencia de esta pol\u00edtica de privacidad es el 01 de mayo de 2014 y el per\u00edodo de vigencia de las bases de datos de Consultor\u00edas en Riesgo Corporativo Ltda es de 10 a\u00f1os.<\/p>\n\n\n\n<h3 class=\"wp-block-heading\">AVISO DE PRIVACIDAD<\/h3>\n\n\n\n<p>En cumplimiento de lo previsto en la ley 1581 de 2012 \u201c<em>Por la cual se dictan disposiciones generales para la protecci\u00f3n de datos personales\u201d<\/em>&nbsp;y del Decreto 1377 de 2013, reglamentario de dicha ley, Consultor\u00edas en Riesgo Corporativo Ltda, titular de la marca Ust\u00e1riz &amp; Abogados, presenta a los Titulares de la informaci\u00f3n contenida en la bases de datos personales de&nbsp;<strong>Maestro Burs\u00e1til<\/strong>&nbsp;el presente Aviso de Privacidad, con el fin de informar a los Titulares de la informaci\u00f3n acerca de las pol\u00edticas de Tratamiento de informaci\u00f3n que le sean aplicables, la forma de acceder a esas pol\u00edticas y las finalidades del tratamiento que se pretende dar a sus datos personales. El Responsable de la informaci\u00f3n personal contenida en las bases de datos de&nbsp;<strong>Maestro Burs\u00e1til<\/strong>&nbsp;es la (NIT: 900.054.586-0), con domicilio en la ciudad de Bogot\u00e1. Consultor\u00edas en Riesgo Corporativo Ltda se encuentra ubicada en la Carrera 11 A # 96-51 Oficina 203 (correo electr\u00f3nico: soporte@maestrobursail.com y tel\u00e9fono: 6108161). Como responsable de los datos personales, Consultor\u00edas en Riesgo Corporativo Ltda es quien decide sobre las bases de datos y\/o el Tratamiento de los datos personales de los Titulares de la informaci\u00f3n personal. Los Datos Personales ser\u00e1n tratados por Consultor\u00edas en Riesgo Corporativo Ltda, de acuerdo con la Constituci\u00f3n y la normatividad vigente, para fines de capacitaci\u00f3n, publicidad, invitaciones, ofertas, lograr una eficiente comunicaci\u00f3n con los clientes, para presentar nuestros proyectos, publicaciones, servicios, ofertas, alianzas, concursos, capacitaciones, informar sobre cambios en nuestros proyectos, programas o servicios, facilitar el acceso general la informaci\u00f3n de \u00e9stos, dar cumplimiento a las obligaciones contra\u00eddas con nuestros clientes, proveedores y empleados, evaluar la calidad de nuestro servicio y a cualquier otro fin seg\u00fan la autorizaci\u00f3n dada para el Tratamiento por el Titular de la informaci\u00f3n as\u00ed como para la transferencia y transmisi\u00f3n de los datos a las entidades con las que Consultor\u00edas en Riesgo Corporativo Ltda tenga un convenio relacionado con&nbsp;<strong>Maestro Burs\u00e1til<\/strong>&nbsp;y a cualquier otra seg\u00fan la autorizaci\u00f3n dada para el Tratamiento por el Titular de la informaci\u00f3n. El Tratamiento consistir\u00e1 en recolectar, recaudar, almacenar, usar, circular, suprimir, procesar, compilar, intercambiar, dar tratamiento, actualizar y disponer de los datos que han sido suministrados a trav\u00e9s de la plataforma&nbsp;<strong>Maestro Burs\u00e1til<\/strong>&nbsp;o directamente a Consultor\u00edas en Riesgo Corporativo y que se han incorporado en las bases de datos de&nbsp;<strong>Maestro Burs\u00e1til<\/strong>, as\u00ed como cualquier otro uso seg\u00fan la normatividad vigente y la autorizaci\u00f3n dada para el Tratamiento por el Titular de la informaci\u00f3n. Los derechos que le asisten a los Titulares de la informaci\u00f3n personal son los establecidos en el art\u00edculo 8 de la ley 1582 de 2012, a saber:<\/p>\n\n\n\n<ul class=\"wp-block-list\"><li>a) Conocer, actualizar y rectificar sus datos personales frente a los Responsables del Tratamiento o Encargados del Tratamiento. Este derecho se podr\u00e1 ejercer, entre otros frente a datos parciales, inexactos, incompletos, fraccionados, que induzcan a error, o aquellos cuyo Tratamiento est\u00e9 expresamente prohibido o no haya sido autorizado;<\/li><li>b) Solicitar prueba de la autorizaci\u00f3n otorgada al Responsable del Tratamiento salvo cuando expresamente se except\u00fae como requisito para el Tratamiento, de conformidad con lo previsto en el art\u00edculo 10 de la presente ley;<\/li><li>c) Ser informado por el Responsable del Tratamiento o el Encargado del Tratamiento, previa solicitud, respecto del uso que le ha dado a sus datos personales;<\/li><li>d) Presentar ante la Superintendencia de Industria y Comercio quejas por infracciones a lo dispuesto en la ley de protecci\u00f3n de datos y las dem\u00e1s normas que la modifiquen, adicionen o complementen;<\/li><li>e) Revocar la autorizaci\u00f3n y\/o solicitar la supresi\u00f3n del dato cuando en el Tratamiento no se respeten los principios, derechos y garant\u00edas constitucionales y legales. La revocatoria y\/o supresi\u00f3n proceder\u00e1 cuando la Superintendencia de Industria y Comercio haya determinado que en el Tratamiento el Responsable o Encargado han incurrido en conductas contrarias a esta ley y a la Constituci\u00f3n;<\/li><li>f) Acceder en forma gratuita a sus datos personales que hayan sido objeto de Tratamiento.<\/li><\/ul>\n\n\n\n<p>Se informa a los titulares de informaci\u00f3n que pueden consultar la pol\u00edtica de Tratamiento de los Datos Personales a trav\u00e9s de la p\u00e1gina de internet: www.maestrobursatil.com<\/p>\n\n\n\n<h2 class=\"wp-block-heading\">Qu\u00e9 datos personales recopilamos y por qu\u00e9 los recopilamos.<\/h2>\n\n\n\n<h3 class=\"wp-block-heading\">&nbsp;Comentarios<\/h3>\n\n\n\n<p>Cuando los visitantes dejan comentarios en el sitio, recopilamos los datos que se muestran en el formulario de comentarios, y tambi\u00e9n la direcci\u00f3n IP del visitante y la cadena del agente del usuario del navegador para ayudar a la detecci\u00f3n de spam. Se puede proporcionar una cadena an\u00f3nima creada a partir de su direcci\u00f3n de correo electr\u00f3nico (tambi\u00e9n llamada hash) al servicio Gravatar para ver si la est\u00e1 utilizando. La pol\u00edtica de privacidad del servicio Gravatar est\u00e1 disponible aqu\u00ed: https:\/\/automattic.com\/privacy\/. Despu\u00e9s de la aprobaci\u00f3n de su comentario, su imagen de perfil es visible al p\u00fablico en el contexto de su comentario.<\/p>\n\n\n\n<h3 class=\"wp-block-heading\">Media<\/h3>\n\n\n\n<p>Si carga im\u00e1genes en el sitio web, debe evitar subir im\u00e1genes con datos de ubicaci\u00f3n incorporados (GPS EXIF) incluidos. Los visitantes del sitio web pueden descargar y extraer los datos de ubicaci\u00f3n de las im\u00e1genes en el sitio web.<\/p>\n\n\n\n<h2 class=\"wp-block-heading\">Formularios de Contacto<\/h2>\n\n\n\n<h3 class=\"wp-block-heading\">Cookies<\/h3>\n\n\n\n<p>Si deja un comentario en nuestro sitio, puede optar por guardar su nombre, direcci\u00f3n de correo electr\u00f3nico y sitio web en cookies. Estos son para su conveniencia para que no tenga que volver a completar sus datos cuando deje otro comentario. Estas cookies durar\u00e1n un a\u00f1o. Si tiene una cuenta e inicia sesi\u00f3n en este sitio, estableceremos una cookie temporal para determinar si su navegador acepta cookies. Esta cookie no contiene datos personales y se descarta al cerrar su navegador. Cuando inicie sesi\u00f3n, tambi\u00e9n configuraremos varias cookies para guardar su informaci\u00f3n de inicio de sesi\u00f3n y las opciones de visualizaci\u00f3n de su pantalla. Las cookies de inicio de sesi\u00f3n duran dos d\u00edas y las cookies de opciones de pantalla duran un a\u00f1o. Si selecciona \u201cRecordarme\u201d, su inicio de sesi\u00f3n persistir\u00e1 durante dos semanas. Si se desconecta de su cuenta, se eliminar\u00e1n las cookies de inicio de sesi\u00f3n. Si edita o publica un art\u00edculo, se guardar\u00e1 una cookie adicional en su navegador. Esta cookie no incluye datos personales y simplemente indica el ID de publicaci\u00f3n del art\u00edculo que acaba de editar. Vence despu\u00e9s de 1 d\u00eda.<\/p>\n\n\n\n<h2 class=\"wp-block-heading\">Cu\u00e1nto tiempo conservamos sus datos<\/h2>\n\n\n\n<p>Si deja un comentario, el comentario y sus metadatos se conservan indefinidamente. Esto es para que podamos reconocer y aprobar cualquier comentario de seguimiento autom\u00e1ticamente en lugar de mantenerlos en una cola de moderaci\u00f3n. Para los usuarios que se registran en nuestro sitio web (si corresponde), tambi\u00e9n almacenamos la informaci\u00f3n personal que proporcionan en su perfil de usuario. Todos los usuarios pueden ver, editar o eliminar su informaci\u00f3n personal en cualquier momento (excepto que no pueden cambiar su nombre de usuario). Los administradores del sitio web tambi\u00e9n pueden ver y editar esa informaci\u00f3n.<\/p>\n\n\n\n<h3 class=\"wp-block-heading\">Qu\u00e9 derechos tienes sobre tus datos<\/h3>\n\n\n\n<p>Si tiene una cuenta en este sitio o ha dejado comentarios, puede solicitar recibir un archivo exportado de los datos personales que tenemos sobre usted, incluidos los datos que nos haya proporcionado. Tambi\u00e9n puede solicitar que borremos cualquier informaci\u00f3n personal que tengamos sobre usted. Esto no incluye ning\u00fan dato que estemos obligados a conservar con fines administrativos, legales o de seguridad.<\/p>\n\n\n\n<p>Nos reservamos el derecho de efectuar en cualquier momento modificaciones o actualizaciones al presente aviso de privacidad. Estas modificaciones estar\u00e1n disponibles al p\u00fablico a trav\u00e9s de la p\u00e1gina de Internet www.maestrobursatil.com o se las haremos llegar a la \u00faltima direcci\u00f3n f\u00edsica o electr\u00f3nica que nos haya proporcionado.<\/p>\n","protected":false},"excerpt":{"rendered":"<p>TRATAMIENTO DE LA INFORMACI\u00d3N PERSONAL El Responsable de la informaci\u00f3n personal contenida en las bases de datos de&nbsp;Maestro Burs\u00e1til&nbsp;es Consultor\u00edas en Riesgo Corporativo Ltda (NIT: 900.054.586-0), con domicilio en la ciudad de Bogot\u00e1. Consultor\u00edas en Riesgo Corporativo Ltda se encuentra ubicada en la Carrera 11 A # 96-51 Oficina 203 (correo electr\u00f3nico: soporte@maestrobursatil.com y tel\u00e9fono: [&hellip;]<\/p>\n","protected":false},"author":1,"featured_media":0,"parent":0,"menu_order":0,"comment_status":"closed","ping_status":"open","template":"","meta":{"footnotes":""},"class_list":["post-3","page","type-page","status-publish"],"_links":{"self":[{"href":"https:\/\/maestrobursatil.com\/corporativo\/wp-json\/wp\/v2\/pages\/3","targetHints":{"allow":["GET"]}}],"collection":[{"href":"https:\/\/maestrobursatil.com\/corporativo\/wp-json\/wp\/v2\/pages"}],"about":[{"href":"https:\/\/maestrobursatil.com\/corporativo\/wp-json\/wp\/v2\/types\/page"}],"author":[{"embeddable":true,"href":"https:\/\/maestrobursatil.com\/corporativo\/wp-json\/wp\/v2\/users\/1"}],"replies":[{"embeddable":true,"href":"https:\/\/maestrobursatil.com\/corporativo\/wp-json\/wp\/v2\/comments?post=3"}],"version-history":[{"count":1,"href":"https:\/\/maestrobursatil.com\/corporativo\/wp-json\/wp\/v2\/pages\/3\/revisions"}],"predecessor-version":[{"id":100003622,"href":"https:\/\/maestrobursatil.com\/corporativo\/wp-json\/wp\/v2\/pages\/3\/revisions\/100003622"}],"wp:attachment":[{"href":"https:\/\/maestrobursatil.com\/corporativo\/wp-json\/wp\/v2\/media?parent=3"}],"curies":[{"name":"wp","href":"https:\/\/api.w.org\/{rel}","templated":true}]}}